495 = 4*t - 91. Let p = t + 3308. Is p prime?
False
Suppose 4*s = 4*g + 8*s - 9800, -3*g + 7344 = 5*s. Suppose -2*h + 2613 + g = 0. Is h prime?
False
Is -21 + 1769/87 + (-235762)/(-6) prime?
True
Let x(u) = -139539*u + 632. Is x(-5) a composite number?
True
Let b be -2 + (-32)/(-15) + 2944784/(-1230). Let g = b - -27725. Is g a prime number?
False
Suppose -309*i + 316*i - 3374050 = -5*q, -2*i - 3374005 = -5*q. Is q prime?
False
Let r = 1 + 6. Suppose 0 = 3*i + 1 - r. Is i/4 + 936/16 composite?
False
Let q be (-9)/(-99) + (-441975)/(-55). Let v = -5279 + q. Is v composite?
True
Suppose -n - 8314 = 129*t - 133*t, 0 = t + n - 2071. Is t a prime number?
False
Suppose -32703 = -3*h - 4*l, -64*l + 43666 = 4*h - 69*l. Is h prime?
True
Suppose 0 = -13*v + 151 + 616. Let c = 170 - v. Is c a prime number?
False
Let r be (5 - (-15064 - 1)) + (-4)/(-2). Let c = r + 9427. Is c prime?
True
Let v(j) = 2*j - 6. Let f be v(9). Suppose f = -g + 268. Let o = -174 + g. Is o a prime number?
False
Let y be (3 + 3 + -4)*1. Suppose 2*a = -y*z - 3307 + 14777, 3*a - 17201 = -5*z. Is a a composite number?
False
Let i be 10 + 3 + -3 + -2. Let c be (4/8)/(34/i - 4). Suppose -s = b - 1708, 5*s - c*b + 3891 - 12424 = 0. Is s a composite number?
True
Suppose -4*p - 22638 = i, 28289 = -5*p + i + 2*i. Let x = p - -12012. Is x a composite number?
False
Let m = -513 - 2103. Let z = m - -4795. Is z a composite number?
False
Suppose 35123*i = 35117*i + 378294. Is i composite?
True
Let n(q) = 4*q - 38. Let t be n(12). Suppose 4*d - t*d = -2286. Is d a composite number?
True
Is (5499/234)/(3/762) prime?
False
Suppose 3*r + 6 = 6*r. Suppose 0 = 2*t + 3*x - r*x - 41, -3*t = x - 62. Suppose 0 = -5*i + t + 9. Is i prime?
False
Suppose 402182 - 152033 = 3*m. Is m a prime number?
True
Let c = 101086 + -32453. Is c a prime number?
True
Let u be -10*2/4*-211. Let o be 11 + (-132)/(19 + -7). Suppose -u = -o*v - v. Is v composite?
True
Let x = 880289 + -522522. Is x a prime number?
True
Let u(x) = -346*x - 3. Let c be 2*4 + (-30)/5 + 3. Suppose 3*z + 2*m + 18 = 0, z = -0*z + 3*m + c. Is u(z) composite?
False
Suppose 2457 + 3213 = 3*j. Let h = 69 + j. Is h a prime number?
False
Suppose -13284478 = -15*q + 15*q - 46*q. Is q a prime number?
False
Let h(b) = -253*b + 8. Let z = -224 - -217. Is h(z) composite?
True
Let j = 831 + -788. Suppose j*r - 1664350 = -7*r. Is r a composite number?
False
Let m = 2200 + -1073. Let i = -518 + m. Suppose -q + 3*q = -n + 301, -2*n = -3*q - i. Is n prime?
False
Let g(v) = v**3 - 16*v**2 - 16*v - 11. Let o be g(17). Let j be o/(-21) - (-150)/35. Suppose j*t - 247 = 225. Is t a prime number?
False
Suppose 19 - 57 = -19*z. Suppose 25*b - 26473 = z*b. Is b prime?
True
Let f = -267 - -288. Is 2 + (-44)/f - (-60360)/63 composite?
True
Suppose 19*d + 52*d = 19519817. Is d a prime number?
False
Let w(o) = o**3 + 8*o**2 + 7*o + 4. Let y = 0 + -5. Let n be w(y). Is 22916/44 - (-8)/n composite?
False
Let x(o) = -50148*o**3 + 6*o**2 - 3*o - 17. Is x(-2) a prime number?
False
Let i be ((-2)/6)/(5 - (-61)/(-12)). Is (-2898)/(-6) - i*-1 a prime number?
True
Let i(f) = 74*f**2 - f - 53. Let n be i(26). Suppose 12*u = 5507 + n. Is u composite?
False
Suppose 30*a = c + 26*a - 32399, c - 5*a = 32393. Is c a composite number?
False
Let w(r) = 15*r**2 + 8*r + 25. Let f be w(-5). Suppose -2*j + 86 + f = 0. Is j a prime number?
True
Let z(s) = -111*s - 10. Let r(n) = -111*n - 11. Let o(g) = -5*r(g) + 6*z(g). Let h be o(6). Let f = h + 1360. Is f a prime number?
False
Suppose r = 2 - 3. Let n(t) = -2*t**3 - t**2 + 4*t + 3. Let h be n(r). Suppose -5*s + 4790 = 5*f, h*f = 2*f - s - 1919. Is f a prime number?
False
Let m(q) = -41494*q**3 - 2*q**2 + 5*q + 4. Is m(-1) a composite number?
False
Let x = 2317 + 1146. Suppose 4*a - 19372 = -g, 4*g - x = -a + 1380. Is a prime?
False
Let t be 1/((-112)/(-40) + -3). Is (10725 - (t + 11)) + 2 prime?
False
Let g(f) = -f**3 + 2*f + 42. Let u = -16 - -16. Let q be g(u). Suppose 57 = k + 5*o - o, -o = k - q. Is k a prime number?
True
Let c(i) = -4194*i + 5465. Is c(-52) a composite number?
True
Let f(o) = -4*o**3 - 285*o**2 - 290*o**2 - 18*o + 579*o**2 - 85. Is f(-13) prime?
True
Let m be -5 + -3 + 30/3. Suppose -6*w = -4*w - m, 5*q = -4*w + 2619. Let d = q - -40. Is d a composite number?
False
Let q(m) = 147856*m**2 + 34*m - 9. Is q(1) composite?
False
Suppose 3*k = 3*x - 4*x - 1462, -5*x - 1478 = 3*k. Let y = -113 - k. Is y prime?
True
Let t = 16705 - -21584. Is t prime?
False
Suppose -3*j = -5*y - 18282, -8*y + 7*y + 24353 = 4*j. Is j prime?
True
Suppose -u = 37 - 4. Let c = u - -38. Suppose c*f + 491 = 4*d, -2*d + 4*f = -4*d + 226. Is d prime?
False
Is 778963/15 - 1524/(-11430) a composite number?
True
Suppose -2*a = 3*a - 3*s - 120, 2 = a - 5*s. Suppose -3*v = -6*v + a. Suppose v*k = 13*k - 1916. Is k prime?
True
Suppose -5*k = -8*f + 4*f - 55, -k = f - 20. Suppose 10*u - k*u + 4345 = 0. Suppose u = 2*r - 4*i - 685, -i - 1560 = -2*r. Is r a prime number?
False
Suppose -5*l = 3*v + 1513, 2*v = 8*l - 3*l + 1533. Let w be (-2)/(-12) + l/(-6). Suppose -w = s - 200. Is s a composite number?
False
Suppose -8*n - 73*n = 44*n - 929375. Is n a composite number?
True
Suppose 7*k - 140 = -0*k. Let a be ((-92)/k + -2)*(-1 + -44). Suppose u - a = -44. Is u prime?
False
Suppose -34*z - 11873244 + 3796982 = -116*z. Is z a prime number?
True
Let x(p) = -p**3 + 2*p**2 + 4*p - 535. Let c be x(0). Let q = 1208 + c. Is q composite?
False
Let v(s) be the first derivative of 25*s**2 + 27*s + 79. Is v(20) a composite number?
True
Let t = 29826 - 53818. Is 1/(-2) + t/(-16) a prime number?
True
Suppose 158*q = -324*q + 20643578. Is q prime?
True
Let a(k) = 12*k**2 - 7*k + 282. Is a(31) a prime number?
True
Is (2648922/(3 - -3))/((-6)/((-24)/4)) a prime number?
False
Let b = 68 + -68. Suppose -h - 33 - 12 = b. Let y = h + 722. Is y prime?
True
Is (-4 - 540/(-126)) + (-171286)/(-14) composite?
True
Let f(i) = 17*i**2 - 174*i - 56. Is f(15) a prime number?
False
Let b(n) = -769*n - 652*n + 165*n - 129. Is b(-7) composite?
False
Let u be 2 - (-7 - -11) - 18264. Is ((-2)/(-10)*5)/((-2)/u) a prime number?
True
Let c(q) = -568*q - 3583. Is c(-29) prime?
True
Suppose -1079 = -14*b - 127. Is (1343 + 3)/(8/b) prime?
False
Let s be 5 + (-4)/(16/(-4)). Suppose 7*a + s = 20. Suppose -a*j + 386 = 4*l, 2*j - 3*l + 0*l - 358 = 0. Is j a prime number?
False
Suppose -3*r = -2*t + 3, r = 4*t - r + 6. Let s be (1 - 1)/t*-1. Suppose 2*k - 4*k + f + 2123 = s, f - 5304 = -5*k. Is k prime?
True
Let t(s) = -s**2 - 2*s + 6. Let r be t(-3). Suppose f + 41 = -5*q, r*f - 3*q = -2*q - 43. Is 1 + ((-2)/(-8) - 17084/f) a prime number?
True
Let b(q) = 5*q**2 + q - 2 - 5*q**2 + 5*q**2. Let n be b(1). Suppose -n*s = -s - 921. Is s prime?
True
Suppose 5*s + 10*k - 27 = 8*k, 4*s + 2*k - 22 = 0. Suppose -33133 = -4*j + s*r, -4*j + 15*r = 16*r - 33151. Is j prime?
True
Suppose 40*h + 2128 = 32*h. Let x = 1557 - h. Is x composite?
False
Suppose 4*a = 3*a + 3. Suppose -100 = -5*p - 2*g + 3*g, -5*p - a*g = -120. Is p/(-14)*(-2274)/9 a composite number?
False
Let z = 52 - 42. Suppose -1887 = -z*s + 7*s. Is s a prime number?
False
Let b(q) = -2151*q - 2612. Is b(-31) prime?
False
Let r = 594 - -5056. Let j = r + -1241. Is j a prime number?
True
Let k = -34626 - -164695. Is k composite?
False
Let x be (-22)/(-6 + 4 - 0). Let s = x - 10. Let y(f) = 104*f**3 - 2*f**2 - f + 2. Is y(s) a prime number?
True
Is (-6872946)/114*((-1)/2)/((-7)/(-14)) a prime number?
True
Suppose 0 = 12*k - 29823 - 112473. Suppose 6 = 3*o - 0. Suppose -j + k = 5*z, -j = 2*z - o*j - 4739. Is z a composite number?
False
Let x be ((-18)/(-27))/(1/(-3)). Let d be 3*x/(-1) + -1. Suppose d*q + q = 2454. Is q a composite number?
False
Suppose -35*y - 64508 + 226373 = -94580. Is y a prime number?
False
Let t be 13345/(-119) - (-2 + (-13)/(-7)). Let b = 112 + t. Suppose b = -5*h - 1802 + 8017. Is h composite?
True
Suppose 112 = -4*p - 16. Let f(t) = 3*t**2 + 59*t - 75. Is f(p) a prime number?
True
Let r be (-14*1)/(20/(-10)). Suppose 9 = r*f - 19. Suppose f*j - 1936 = 604. Is j composite?
True
Let q = -42 + 49. Let g(a) = 290*a - 43. Is g(q) prime?
True
Let c = -166 + 169. Is 142527/7 - (-1)/(c/6) composite?
True
Let c(z) = -2*z - 36. Let b be c(